CRAN Package Check Results for Package xkcd

Last updated on 2021-01-25 00:48:14 CET.

Flavor Version Tinstall Tcheck Ttotal Status Flags
r-devel-linux-x86_64-debian-clang 0.0.6 11.75 116.45 128.20 OK
r-devel-linux-x86_64-debian-gcc 0.0.6 9.39 89.48 98.87 OK
r-devel-linux-x86_64-fedora-clang 0.0.6 168.64 OK
r-devel-linux-x86_64-fedora-gcc 0.0.6 151.77 OK
r-devel-windows-ix86+x86_64 0.0.6 27.00 156.00 183.00 OK
r-patched-linux-x86_64 0.0.6 7.14 106.85 113.99 OK
r-patched-solaris-x86 0.0.6 206.50 OK
r-release-linux-x86_64 0.0.6 6.99 106.06 113.05 WARN
r-release-macos-x86_64 0.0.6 OK
r-release-windows-ix86+x86_64 0.0.6 28.00 149.00 177.00 OK
r-oldrel-macos-x86_64 0.0.6 OK
r-oldrel-windows-ix86+x86_64 0.0.6 19.00 143.00 162.00 OK

Check Details

Version: 0.0.6
Check: re-building of vignette outputs
Result: WARN
    Error(s) in re-building vignettes:
     ...
    --- re-building ‘xkcd-intro.Rnw’ using Sweave
    Error: processing vignette 'xkcd-intro.Rnw' failed with diagnostics:
    Running ‘texi2dvi’ on ‘xkcd-intro.tex’ failed.
    LaTeX errors:
    ! Undefined control sequence.
    \hyper@linkurl ...tionraw >>}\relax \Hy@colorlink
     \@urlcolor #1\Hy@xspace@en...
    l.74 \begin{document}
    
    ! Undefined control sequence.
    \close@pdflink ->\Hy@endcolorlink
     \Hy@VerboseLinkStop \pdfendlink
    l.74 \begin{document}
    
    ! Undefined control sequence.
    \hyper@linkurl ...tionraw >>}\relax \Hy@colorlink
     \@urlcolor #1\Hy@xspace@en...
    l.74 \begin{document}
    
    ! Undefined control sequence.
    \close@pdflink ->\Hy@endcolorlink
     \Hy@VerboseLinkStop \pdfendlink
    l.74 \begin{document}
    
    --- failed re-building ‘xkcd-intro.Rnw’
    
    SUMMARY: processing the following file failed:
     ‘xkcd-intro.Rnw’
    
    Error: Vignette re-building failed.
    Execution halted
Flavor: r-release-linux-x86_64