Last updated on 2021-01-25 00:48:14 CET.
Flavor | Version | Tinstall | Tcheck | Ttotal | Status | Flags |
---|---|---|---|---|---|---|
r-devel-linux-x86_64-debian-clang | 1.3.2 | 18.50 | 40.35 | 58.85 | OK | |
r-devel-linux-x86_64-debian-gcc | 1.3.2 | 10.77 | 31.56 | 42.33 | OK | |
r-devel-linux-x86_64-fedora-clang | 1.3.2 | 87.01 | OK | |||
r-devel-linux-x86_64-fedora-gcc | 1.3.2 | 66.87 | OK | |||
r-devel-windows-ix86+x86_64 | 1.3.2 | 40.00 | 85.00 | 125.00 | NOTE | |
r-patched-linux-x86_64 | 1.3.2 | 13.65 | 39.13 | 52.78 | OK | |
r-patched-solaris-x86 | 1.3.2 | 93.60 | OK | |||
r-release-linux-x86_64 | 1.3.2 | 13.67 | 39.26 | 52.93 | OK | |
r-release-macos-x86_64 | 1.3.2 | WARN | ||||
r-release-windows-ix86+x86_64 | 1.3.2 | 1.00 | 8.00 | 9.00 | ERROR | |
r-oldrel-macos-x86_64 | 1.3.2 | OK | ||||
r-oldrel-windows-ix86+x86_64 | 1.3.2 | 35.00 | 87.00 | 122.00 | NOTE |
Version: 1.3.2
Check: installed package size
Result: NOTE
installed size is 5.1Mb
sub-directories of 1Mb or more:
libs 4.8Mb
Flavors: r-devel-windows-ix86+x86_64, r-release-macos-x86_64, r-oldrel-windows-ix86+x86_64
Version: 1.3.2
Check: re-building of vignette outputs
Result: WARN
Error(s) in re-building vignettes:
...
--- re-building ‘modification.Rmd’ using rmarkdown
Warning in engine$weave(file, quiet = quiet, encoding = enc) :
Pandoc (>= 1.12.3) and/or pandoc-citeproc not available. Falling back to R Markdown v1.
Error: processing vignette 'modification.Rmd' failed with diagnostics:
there is no package called 'stringi'
--- failed re-building ‘modification.Rmd’
SUMMARY: processing the following file failed:
‘modification.Rmd’
Error: Vignette re-building failed.
Execution halted
Flavor: r-release-macos-x86_64
Version: 1.3.2
Check: whether package can be installed
Result: ERROR
Installation failed.
Flavor: r-release-windows-ix86+x86_64