CRAN Package Check Results for Package ymlthis

Last updated on 2021-01-25 00:48:14 CET.

Flavor Version Tinstall Tcheck Ttotal Status Flags
r-devel-linux-x86_64-debian-clang 0.1.3 4.26 51.71 55.97 OK
r-devel-linux-x86_64-debian-gcc 0.1.3 3.44 39.75 43.19 OK
r-devel-linux-x86_64-fedora-clang 0.1.3 77.25 NOTE
r-devel-linux-x86_64-fedora-gcc 0.1.3 69.16 NOTE
r-devel-windows-ix86+x86_64 0.1.3 9.00 79.00 88.00 OK
r-patched-linux-x86_64 0.1.3 4.47 49.55 54.02 OK
r-patched-solaris-x86 0.1.3 77.40 NOTE
r-release-linux-x86_64 0.1.3 4.14 49.48 53.62 OK
r-release-macos-x86_64 0.1.3 NOTE
r-release-windows-ix86+x86_64 0.1.3 31.00 80.00 111.00 OK
r-oldrel-macos-x86_64 0.1.3 NOTE
r-oldrel-windows-ix86+x86_64 0.1.3 6.00 68.00 74.00 OK

Check Details

Version: 0.1.3
Check: dependencies in R code
Result: NOTE
    Namespaces in Imports field not imported from:
     ‘miniUI’ ‘shinyBS’
     All declared Imports should be used.
Flavors: r-devel-linux-x86_64-fedora-clang, r-devel-linux-x86_64-fedora-gcc, r-patched-solaris-x86, r-release-macos-x86_64, r-oldrel-macos-x86_64