CRAN Package Check Results for Package AMModels

Last updated on 2021-03-04 00:47:52 CET.

Flavor Version Tinstall Tcheck Ttotal Status Flags
r-devel-linux-x86_64-debian-clang 0.1.4 19.33 105.94 125.27 OK
r-devel-linux-x86_64-debian-gcc 0.1.4 13.11 80.33 93.44 OK
r-devel-linux-x86_64-fedora-clang 0.1.4 156.22 OK
r-devel-linux-x86_64-fedora-gcc 0.1.4 145.12 OK
r-devel-windows-ix86+x86_64 0.1.4 30.00 120.00 150.00 OK
r-patched-linux-x86_64 0.1.4 16.72 99.87 116.59 OK
r-patched-solaris-x86 0.1.4 208.90 OK
r-release-linux-x86_64 0.1.4 16.44 100.43 116.87 OK
r-release-macos-x86_64 0.1.4 NOTE
r-release-windows-ix86+x86_64 0.1.4 24.00 92.00 116.00 OK
r-oldrel-macos-x86_64 0.1.4 OK
r-oldrel-windows-ix86+x86_64 0.1.4 27.00 116.00 143.00 OK

Check Details

Version: 0.1.4
Check: package dependencies
Result: NOTE
    Package suggested but not available for checking: ‘AICcmodavg’
Flavor: r-release-macos-x86_64