Last updated on 2021-03-04 00:47:52 CET.
Flavor | Version | Tinstall | Tcheck | Ttotal | Status | Flags |
---|---|---|---|---|---|---|
r-devel-linux-x86_64-debian-clang | 1.2.5 | 15.60 | 138.49 | 154.09 | OK | |
r-devel-linux-x86_64-debian-gcc | 1.2.5 | 13.06 | 103.28 | 116.34 | OK | |
r-devel-linux-x86_64-fedora-clang | 1.2.5 | 188.99 | OK | |||
r-devel-linux-x86_64-fedora-gcc | 1.2.5 | 181.53 | OK | |||
r-devel-windows-ix86+x86_64 | 1.2.5 | 45.00 | 182.00 | 227.00 | OK | |
r-patched-linux-x86_64 | 1.2.5 | 17.70 | 131.15 | 148.85 | OK | |
r-patched-solaris-x86 | 1.2.5 | 259.00 | OK | |||
r-release-linux-x86_64 | 1.2.5 | 15.88 | 130.94 | 146.82 | OK | |
r-release-macos-x86_64 | 1.2.5 | OK | ||||
r-release-windows-ix86+x86_64 | 1.2.5 | 35.00 | 142.00 | 177.00 | OK | |
r-oldrel-macos-x86_64 | 1.2.5 | WARN | ||||
r-oldrel-windows-ix86+x86_64 | 1.2.5 | 37.00 | 147.00 | 184.00 | OK |
Version: 1.2.5
Check: whether package can be installed
Result: WARN
Found the following significant warnings:
Warning: 'rgl.init' failed, running with 'rgl.useNULL = TRUE'.
Flavor: r-oldrel-macos-x86_64