Last updated on 2021-03-04 00:47:54 CET.
Flavor | Version | Tinstall | Tcheck | Ttotal | Status | Flags |
---|---|---|---|---|---|---|
r-devel-linux-x86_64-debian-clang | 0.0.1 | 5.14 | 51.52 | 56.66 | OK | |
r-devel-linux-x86_64-debian-gcc | 0.0.1 | 4.56 | 38.12 | 42.68 | OK | |
r-devel-linux-x86_64-fedora-clang | 0.0.1 | 75.67 | NOTE | |||
r-devel-linux-x86_64-fedora-gcc | 0.0.1 | 64.53 | OK | |||
r-devel-windows-ix86+x86_64 | 0.0.1 | 14.00 | 69.00 | 83.00 | OK | |
r-patched-linux-x86_64 | 0.0.1 | 5.43 | 48.20 | 53.63 | OK | |
r-patched-solaris-x86 | 0.0.1 | 90.10 | OK | |||
r-release-linux-x86_64 | 0.0.1 | 5.35 | 48.88 | 54.23 | OK | |
r-release-macos-x86_64 | 0.0.1 | OK | ||||
r-release-windows-ix86+x86_64 | 0.0.1 | 12.00 | 53.00 | 65.00 | OK | |
r-oldrel-macos-x86_64 | 0.0.1 | OK | ||||
r-oldrel-windows-ix86+x86_64 | 0.0.1 | 11.00 | 53.00 | 64.00 | OK |
Version: 0.0.1
Check: Rd cross-references
Result: NOTE
Undeclared package ‘tibble’ in Rd xrefs
Flavor: r-devel-linux-x86_64-fedora-clang