Last updated on 2021-03-04 00:47:53 CET.
Flavor | Version | Tinstall | Tcheck | Ttotal | Status | Flags |
---|---|---|---|---|---|---|
r-devel-linux-x86_64-debian-clang | 1.2-4 | 219.57 | 98.55 | 318.12 | OK | |
r-devel-linux-x86_64-debian-gcc | 1.2-4 | 147.89 | 75.20 | 223.09 | OK | |
r-devel-linux-x86_64-fedora-clang | 1.2-4 | 440.31 | NOTE | |||
r-devel-linux-x86_64-fedora-gcc | 1.2-4 | 397.46 | OK | |||
r-devel-windows-ix86+x86_64 | 1.2-4 | 455.00 | 189.00 | 644.00 | NOTE | |
r-patched-linux-x86_64 | 1.2-4 | 180.61 | 94.26 | 274.87 | OK | |
r-patched-solaris-x86 | 1.2-4 | 354.30 | OK | |||
r-release-linux-x86_64 | 1.2-4 | 182.84 | 96.25 | 279.09 | OK | |
r-release-macos-x86_64 | 1.2-4 | NOTE | ||||
r-release-windows-ix86+x86_64 | 1.2-4 | 323.00 | 153.00 | 476.00 | NOTE | |
r-oldrel-macos-x86_64 | 1.2-4 | NOTE | ||||
r-oldrel-windows-ix86+x86_64 | 1.2-4 | 400.00 | 144.00 | 544.00 | NOTE |
Version: 1.2-4
Check: installed package size
Result: NOTE
installed size is 18.1Mb
sub-directories of 1Mb or more:
data 1.5Mb
libs 15.8Mb
Flavors: r-devel-linux-x86_64-fedora-clang, r-devel-windows-ix86+x86_64, r-release-macos-x86_64, r-release-windows-ix86+x86_64, r-oldrel-macos-x86_64, r-oldrel-windows-ix86+x86_64