CRAN Package Check Results for Package Biocomb

Last updated on 2021-03-04 00:47:53 CET.

Flavor Version Tinstall Tcheck Ttotal Status Flags
r-devel-linux-x86_64-debian-clang 0.4 63.42 191.46 254.88 OK
r-devel-linux-x86_64-debian-gcc 0.4 44.83 146.86 191.69 OK
r-devel-linux-x86_64-fedora-clang 0.4 330.01 OK
r-devel-linux-x86_64-fedora-gcc 0.4 310.37 OK
r-devel-windows-ix86+x86_64 0.4 133.00 305.00 438.00 OK
r-patched-linux-x86_64 0.4 55.91 180.21 236.12 OK
r-release-linux-x86_64 0.4 55.27 183.94 239.21 OK
r-release-macos-x86_64 0.4 OK
r-release-windows-ix86+x86_64 0.4 100.00 225.00 325.00 OK
r-oldrel-macos-x86_64 0.4 WARN
r-oldrel-windows-ix86+x86_64 0.4 123.00 225.00 348.00 OK

Check Details

Version: 0.4
Check: whether package can be installed
Result: WARN
    Found the following significant warnings:
     Warning: 'rgl_init' failed, running with rgl.useNULL = TRUE
Flavor: r-oldrel-macos-x86_64