CRAN Package Check Results for Package Blaunet

Last updated on 2021-03-04 00:47:53 CET.

Flavor Version Tinstall Tcheck Ttotal Status Flags
r-devel-linux-x86_64-debian-clang 2.1.0 5.02 51.75 56.77 NOTE
r-devel-linux-x86_64-debian-gcc 2.1.0 3.59 38.70 42.29 NOTE
r-devel-linux-x86_64-fedora-clang 2.1.0 77.01 NOTE
r-devel-linux-x86_64-fedora-gcc 2.1.0 65.54 NOTE
r-devel-windows-ix86+x86_64 2.1.0 11.00 68.00 79.00 OK
r-patched-linux-x86_64 2.1.0 4.55 49.02 53.57 NOTE
r-patched-solaris-x86 2.1.0 94.20 NOTE
r-release-linux-x86_64 2.1.0 4.36 48.97 53.33 NOTE
r-release-macos-x86_64 2.1.0 NOTE
r-release-windows-ix86+x86_64 2.1.0 8.00 56.00 64.00 OK
r-oldrel-macos-x86_64 2.1.0 NOTE
r-oldrel-windows-ix86+x86_64 2.1.0 8.00 49.00 57.00 OK

Check Details

Version: 2.1.0
Check: package dependencies
Result: NOTE
    Packages suggested but not available for checking:
     'gWidgets', 'gWidgetsRGtk2'
Flavors: r-devel-linux-x86_64-debian-clang, r-devel-linux-x86_64-debian-gcc, r-devel-linux-x86_64-fedora-clang, r-devel-linux-x86_64-fedora-gcc, r-patched-linux-x86_64, r-patched-solaris-x86, r-release-linux-x86_64, r-release-macos-x86_64

Version: 2.1.0
Check: dependencies in R code
Result: NOTE
    Namespaces in Imports field not imported from:
     ‘RGtk2’ ‘cairoDevice’ ‘ergm’ ‘foreign’ ‘haven’ ‘plot3D’ ‘plot3Drgl’
     ‘rgl’ ‘sna’ ‘statnet.common’
     All declared Imports should be used.
Flavors: r-devel-linux-x86_64-fedora-clang, r-devel-linux-x86_64-fedora-gcc, r-patched-solaris-x86, r-release-macos-x86_64, r-oldrel-macos-x86_64