Last updated on 2021-03-04 00:47:54 CET.
Flavor | Version | Tinstall | Tcheck | Ttotal | Status | Flags |
---|---|---|---|---|---|---|
r-devel-linux-x86_64-debian-clang | 2.2.3 | 101.71 | 223.23 | 324.94 | OK | |
r-devel-linux-x86_64-debian-gcc | 2.2.3 | 74.10 | 157.35 | 231.45 | OK | |
r-devel-linux-x86_64-fedora-clang | 2.2.3 | 388.40 | NOTE | |||
r-devel-linux-x86_64-fedora-gcc | 2.2.3 | 368.22 | OK | |||
r-devel-windows-ix86+x86_64 | 2.2.3 | 220.00 | 158.00 | 378.00 | OK | --no-examples --no-tests --no-vignettes |
r-patched-linux-x86_64 | 2.2.3 | 86.33 | 194.74 | 281.07 | OK | |
r-patched-solaris-x86 | 2.2.3 | 417.90 | OK | |||
r-release-linux-x86_64 | 2.2.3 | 89.91 | 189.08 | 278.99 | OK | |
r-release-macos-x86_64 | 2.2.3 | NOTE | ||||
r-release-windows-ix86+x86_64 | 2.2.3 | 157.00 | 157.00 | 314.00 | OK | --no-examples --no-tests --no-vignettes |
r-oldrel-macos-x86_64 | 2.2.3 | NOTE | ||||
r-oldrel-windows-ix86+x86_64 | 2.2.3 | 199.00 | 161.00 | 360.00 | OK | --no-examples --no-tests --no-vignettes |
Version: 2.2.3
Check: installed package size
Result: NOTE
installed size is 7.7Mb
sub-directories of 1Mb or more:
libs 6.6Mb
Flavors: r-devel-linux-x86_64-fedora-clang, r-release-macos-x86_64, r-oldrel-macos-x86_64