Last updated on 2021-03-04 00:47:54 CET.
Flavor | Version | Tinstall | Tcheck | Ttotal | Status | Flags |
---|---|---|---|---|---|---|
r-devel-linux-x86_64-debian-clang | 1.0.8 | 76.18 | 237.70 | 313.88 | OK | |
r-devel-linux-x86_64-debian-gcc | 1.0.8 | 50.19 | 175.98 | 226.17 | OK | |
r-devel-linux-x86_64-fedora-clang | 1.0.8 | 387.70 | NOTE | |||
r-devel-linux-x86_64-fedora-gcc | 1.0.8 | 366.35 | NOTE | |||
r-devel-windows-ix86+x86_64 | 1.0.8 | 165.00 | 440.00 | 605.00 | NOTE | |
r-patched-linux-x86_64 | 1.0.8 | 45.92 | 222.21 | 268.13 | OK | |
r-patched-solaris-x86 | 1.0.8 | 479.40 | NOTE | |||
r-release-linux-x86_64 | 1.0.8 | 46.20 | 226.31 | 272.51 | OK | |
r-release-macos-x86_64 | 1.0.8 | NOTE | ||||
r-release-windows-ix86+x86_64 | 1.0.8 | 125.00 | 340.00 | 465.00 | NOTE | |
r-oldrel-macos-x86_64 | 1.0.8 | NOTE | ||||
r-oldrel-windows-ix86+x86_64 | 1.0.8 | 150.00 | 290.00 | 440.00 | NOTE |
Version: 1.0.8
Check: installed package size
Result: NOTE
installed size is 5.3Mb
sub-directories of 1Mb or more:
doc 2.4Mb
libs 1.5Mb
Flavors: r-devel-linux-x86_64-fedora-clang, r-devel-windows-ix86+x86_64, r-release-macos-x86_64, r-release-windows-ix86+x86_64, r-oldrel-macos-x86_64, r-oldrel-windows-ix86+x86_64
Version: 1.0.8
Check: dependencies in R code
Result: NOTE
Namespaces in Imports field not imported from:
‘ggpubr’ ‘matrixStats’ ‘qlcMatrix’
All declared Imports should be used.
Flavors: r-devel-linux-x86_64-fedora-clang, r-devel-linux-x86_64-fedora-gcc, r-patched-solaris-x86, r-release-macos-x86_64, r-oldrel-macos-x86_64