Last updated on 2021-03-04 00:47:54 CET.
Flavor | Version | Tinstall | Tcheck | Ttotal | Status | Flags |
---|---|---|---|---|---|---|
r-devel-linux-x86_64-debian-clang | 0.7.0 | 248.85 | 509.97 | 758.82 | OK | |
r-devel-linux-x86_64-debian-gcc | 0.7.0 | 165.14 | 847.86 | 1013.00 | OK | |
r-devel-linux-x86_64-fedora-clang | 0.7.0 | 815.95 | NOTE | |||
r-devel-linux-x86_64-fedora-gcc | 0.7.0 | 754.26 | OK | |||
r-devel-windows-ix86+x86_64 | 0.7.0 | 597.00 | 554.00 | 1151.00 | OK | |
r-patched-linux-x86_64 | 0.7.0 | 196.55 | 446.55 | 643.10 | OK | |
r-patched-solaris-x86 | 0.7.0 | 668.10 | OK | |||
r-release-linux-x86_64 | 0.7.0 | 195.32 | 438.47 | 633.79 | OK | |
r-release-macos-x86_64 | 0.7.0 | NOTE | ||||
r-release-windows-ix86+x86_64 | 0.7.0 | 436.00 | 439.00 | 875.00 | OK | |
r-oldrel-macos-x86_64 | 0.7.0 | NOTE | ||||
r-oldrel-windows-ix86+x86_64 | 0.7.0 | 528.00 | 456.00 | 984.00 | OK |
Version: 0.7.0
Check: installed package size
Result: NOTE
installed size is 9.8Mb
sub-directories of 1Mb or more:
libs 8.5Mb
Flavors: r-devel-linux-x86_64-fedora-clang, r-release-macos-x86_64, r-oldrel-macos-x86_64