Last updated on 2021-03-04 00:47:55 CET.
Flavor | Version | Tinstall | Tcheck | Ttotal | Status | Flags |
---|---|---|---|---|---|---|
r-devel-linux-x86_64-debian-clang | 1.0.2 | 2.51 | 27.66 | 30.17 | OK | |
r-devel-linux-x86_64-debian-gcc | 1.0.2 | 2.01 | 21.34 | 23.35 | OK | |
r-devel-linux-x86_64-fedora-clang | 1.0.2 | 45.44 | OK | |||
r-devel-linux-x86_64-fedora-gcc | 1.0.2 | 35.11 | OK | |||
r-devel-windows-ix86+x86_64 | 1.0.2 | 5.00 | 42.00 | 47.00 | OK | |
r-patched-linux-x86_64 | 1.0.2 | 2.48 | 26.73 | 29.21 | OK | |
r-patched-solaris-x86 | 1.0.2 | 52.70 | OK | |||
r-release-linux-x86_64 | 1.0.2 | 2.64 | 27.13 | 29.77 | OK | |
r-release-macos-x86_64 | 1.0.2 | OK | ||||
r-release-windows-ix86+x86_64 | 1.0.2 | 5.00 | 43.00 | 48.00 | OK | |
r-oldrel-macos-x86_64 | 1.0.2 | NOTE | ||||
r-oldrel-windows-ix86+x86_64 | 1.0.2 | 5.00 | 46.00 | 51.00 | OK |
Version: 1.0.2
Check: package dependencies
Result: NOTE
Package suggested but not available for checking: ‘limma’
Flavor: r-oldrel-macos-x86_64