Last updated on 2021-03-04 00:47:54 CET.
Flavor | Version | Tinstall | Tcheck | Ttotal | Status | Flags |
---|---|---|---|---|---|---|
r-devel-linux-x86_64-debian-clang | 1.2.2 | 74.80 | 199.00 | 273.80 | OK | |
r-devel-linux-x86_64-debian-gcc | 1.2.2 | 52.73 | 176.59 | 229.32 | OK | |
r-devel-linux-x86_64-fedora-clang | 1.2.2 | 359.38 | NOTE | |||
r-devel-linux-x86_64-fedora-gcc | 1.2.2 | 404.41 | OK | |||
r-devel-windows-ix86+x86_64 | 1.2.2 | 156.00 | 278.00 | 434.00 | OK | |
r-patched-linux-x86_64 | 1.2.2 | 64.86 | 227.02 | 291.88 | OK | |
r-patched-solaris-x86 | 1.2.2 | 512.70 | WARN | |||
r-release-linux-x86_64 | 1.2.2 | 57.47 | 228.57 | 286.04 | OK | |
r-release-macos-x86_64 | 1.2.2 | NOTE | ||||
r-release-windows-ix86+x86_64 | 1.2.2 | 112.00 | 203.00 | 315.00 | OK | |
r-oldrel-macos-x86_64 | 1.2.2 | NOTE | ||||
r-oldrel-windows-ix86+x86_64 | 1.2.2 | 134.00 | 298.00 | 432.00 | OK |
Version: 1.2.2
Check: installed package size
Result: NOTE
installed size is 8.8Mb
sub-directories of 1Mb or more:
libs 7.6Mb
Flavors: r-devel-linux-x86_64-fedora-clang, r-release-macos-x86_64, r-oldrel-macos-x86_64
Version: 1.2.2
Check: re-building of vignette outputs
Result: WARN
Error(s) in re-building vignettes:
...
--- re-building ‘the_clusterR_package.Rmd’ using rmarkdown
Warning in engine$weave(file, quiet = quiet, encoding = enc) :
Pandoc (>= 1.12.3) and/or pandoc-citeproc not available. Falling back to R Markdown v1.
Quitting from lines 403-416 (the_clusterR_package.Rmd)
Error: processing vignette 'the_clusterR_package.Rmd' failed with diagnostics:
std::bad_alloc
--- failed re-building ‘the_clusterR_package.Rmd’
SUMMARY: processing the following file failed:
‘the_clusterR_package.Rmd’
Error: Vignette re-building failed.
Execution halted
Flavor: r-patched-solaris-x86