CRAN Package Check Results for Package Compositional

Last updated on 2021-03-04 00:47:55 CET.

Flavor Version Tinstall Tcheck Ttotal Status Flags
r-devel-linux-x86_64-debian-clang 4.4 23.23 185.65 208.88 OK
r-devel-linux-x86_64-debian-gcc 4.4 17.98 142.98 160.96 OK
r-devel-linux-x86_64-fedora-clang 4.4 276.13 OK
r-devel-linux-x86_64-fedora-gcc 4.4 253.10 OK
r-devel-windows-ix86+x86_64 4.4 52.00 236.00 288.00 OK
r-patched-linux-x86_64 4.4 18.01 171.36 189.37 OK
r-patched-solaris-x86 4.4 320.30 OK
r-release-linux-x86_64 4.4 16.94 172.92 189.86 OK
r-release-macos-x86_64 4.4 OK
r-release-windows-ix86+x86_64 4.4 54.00 252.00 306.00 OK
r-oldrel-macos-x86_64 4.4 ERROR
r-oldrel-windows-ix86+x86_64 4.2 22.00 132.00 154.00 OK

Check Details

Version: 4.4
Check: whether package can be installed
Result: ERROR
    Installation failed.
Flavor: r-oldrel-macos-x86_64