Last updated on 2021-03-04 00:47:55 CET.
Flavor | Version | Tinstall | Tcheck | Ttotal | Status | Flags |
---|---|---|---|---|---|---|
r-devel-linux-x86_64-debian-clang | 1.4.5 | 3.91 | 34.72 | 38.63 | OK | |
r-devel-linux-x86_64-debian-gcc | 1.4.5 | 2.69 | 27.62 | 30.31 | OK | |
r-devel-linux-x86_64-fedora-clang | 1.4.5 | 56.79 | NOTE | |||
r-devel-linux-x86_64-fedora-gcc | 1.4.5 | 46.56 | NOTE | |||
r-devel-windows-ix86+x86_64 | 1.4.4 | 11.00 | 57.00 | 68.00 | OK | |
r-patched-linux-x86_64 | 1.4.5 | 2.98 | 33.85 | 36.83 | OK | |
r-patched-solaris-x86 | 1.4.5 | 68.90 | NOTE | |||
r-release-linux-x86_64 | 1.4.4 | 3.35 | 34.00 | 37.35 | OK | |
r-release-macos-x86_64 | 1.4.4 | NOTE | ||||
r-release-windows-ix86+x86_64 | 1.4.5 | 12.00 | 56.00 | 68.00 | OK | |
r-oldrel-macos-x86_64 | 1.4.5 | NOTE | ||||
r-oldrel-windows-ix86+x86_64 | 1.4.4 | 7.00 | 51.00 | 58.00 | OK |
Version: 1.4.5
Check: dependencies in R code
Result: NOTE
Namespaces in Imports field not imported from:
‘DT’ ‘dplyr’ ‘geosphere’ ‘mapdata’ ‘maps’ ‘marmap’ ‘shinydashboard’
‘shinyjs’ ‘stringr’ ‘swfscDAS’
All declared Imports should be used.
Flavors: r-devel-linux-x86_64-fedora-clang, r-devel-linux-x86_64-fedora-gcc, r-patched-solaris-x86, r-oldrel-macos-x86_64
Version: 1.4.4
Check: dependencies in R code
Result: NOTE
Namespaces in Imports field not imported from:
‘DT’ ‘dplyr’ ‘geosphere’ ‘mapdata’ ‘maps’ ‘marmap’ ‘shinydashboard’
‘shinyjs’ ‘stringr’ ‘swfscDAS’
All declared Imports should be used.
Flavor: r-release-macos-x86_64