CRAN Package Check Results for Package DDPNA

Last updated on 2021-03-04 00:47:56 CET.

Flavor Version Tinstall Tcheck Ttotal Status Flags
r-devel-linux-x86_64-debian-clang 0.2.6 21.55 177.36 198.91 OK
r-devel-linux-x86_64-debian-gcc 0.2.6 16.52 133.04 149.56 OK
r-devel-linux-x86_64-fedora-clang 0.2.6 253.74 OK
r-devel-linux-x86_64-fedora-gcc 0.2.6 227.36 OK
r-devel-windows-ix86+x86_64 0.2.6 48.00 207.00 255.00 OK
r-patched-linux-x86_64 0.2.6 15.82 162.70 178.52 OK
r-patched-solaris-x86 0.2.6 323.10 OK
r-release-linux-x86_64 0.2.6 14.09 169.38 183.47 OK
r-release-macos-x86_64 0.2.6 OK
r-release-windows-ix86+x86_64 0.2.6 30.00 152.00 182.00 OK
r-oldrel-macos-x86_64 0.2.6 NOTE
r-oldrel-windows-ix86+x86_64 0.2.6 37.00 190.00 227.00 OK

Check Details

Version: 0.2.6
Check: package dependencies
Result: NOTE
    Package suggested but not available for checking: ‘WGCNA’
Flavor: r-oldrel-macos-x86_64