Last updated on 2021-03-04 00:47:56 CET.
Flavor | Version | Tinstall | Tcheck | Ttotal | Status | Flags |
---|---|---|---|---|---|---|
r-devel-linux-x86_64-debian-clang | 0.3.3.0 | 11.19 | 332.36 | 343.55 | OK | |
r-devel-linux-x86_64-debian-gcc | 0.3.3.0 | 9.61 | 237.06 | 246.67 | OK | |
r-devel-linux-x86_64-fedora-clang | 0.3.3.0 | 397.93 | NOTE | |||
r-devel-linux-x86_64-fedora-gcc | 0.3.3.0 | 390.98 | NOTE | |||
r-devel-windows-ix86+x86_64 | 0.3.3.0 | 20.00 | 378.00 | 398.00 | NOTE | |
r-patched-linux-x86_64 | 0.3.3.0 | 10.58 | 309.77 | 320.35 | OK | |
r-patched-solaris-x86 | 0.3.3.0 | 556.60 | NOTE | |||
r-release-linux-x86_64 | 0.3.3.0 | 9.92 | 314.34 | 324.26 | OK | |
r-release-macos-x86_64 | 0.3.3.0 | NOTE | ||||
r-release-windows-ix86+x86_64 | 0.3.3.0 | 20.00 | 275.00 | 295.00 | NOTE | |
r-oldrel-macos-x86_64 | 0.3.3.0 | NOTE | ||||
r-oldrel-windows-ix86+x86_64 | 0.3.3.0 | 20.00 | 384.00 | 404.00 | NOTE |
Version: 0.3.3.0
Check: installed package size
Result: NOTE
installed size is 5.3Mb
sub-directories of 1Mb or more:
doc 4.9Mb
Flavors: r-devel-linux-x86_64-fedora-clang, r-devel-windows-ix86+x86_64, r-patched-solaris-x86, r-release-macos-x86_64, r-release-windows-ix86+x86_64, r-oldrel-macos-x86_64, r-oldrel-windows-ix86+x86_64
Version: 0.3.3.0
Check: dependencies in R code
Result: NOTE
Namespace in Imports field not imported from: ‘mgcv’
All declared Imports should be used.
Flavors: r-devel-linux-x86_64-fedora-clang, r-devel-linux-x86_64-fedora-gcc, r-patched-solaris-x86, r-release-macos-x86_64, r-oldrel-macos-x86_64