Last updated on 2021-03-04 00:47:56 CET.
Flavor | Version | Tinstall | Tcheck | Ttotal | Status | Flags |
---|---|---|---|---|---|---|
r-devel-linux-x86_64-debian-clang | 1.7 | 123.13 | 79.82 | 202.95 | OK | |
r-devel-linux-x86_64-debian-gcc | 1.7 | 78.87 | 61.66 | 140.53 | OK | |
r-devel-linux-x86_64-fedora-clang | 1.7 | 284.73 | NOTE | |||
r-devel-linux-x86_64-fedora-gcc | 1.7 | 245.09 | OK | |||
r-devel-windows-ix86+x86_64 | 1.7 | 270.00 | 136.00 | 406.00 | OK | |
r-patched-linux-x86_64 | 1.7 | 92.54 | 74.69 | 167.23 | OK | |
r-patched-solaris-x86 | 1.7 | 243.50 | OK | |||
r-release-linux-x86_64 | 1.7 | 88.94 | 75.04 | 163.98 | OK | |
r-release-macos-x86_64 | 1.7 | OK | ||||
r-release-windows-ix86+x86_64 | 1.7 | 189.00 | 110.00 | 299.00 | OK | |
r-oldrel-macos-x86_64 | 1.7 | OK | ||||
r-oldrel-windows-ix86+x86_64 | 1.7 | 249.00 | 125.00 | 374.00 | OK |
Version: 1.7
Check: installed package size
Result: NOTE
installed size is 5.7Mb
sub-directories of 1Mb or more:
libs 5.5Mb
Flavor: r-devel-linux-x86_64-fedora-clang