Last updated on 2021-03-04 00:47:56 CET.
Flavor | Version | Tinstall | Tcheck | Ttotal | Status | Flags |
---|---|---|---|---|---|---|
r-devel-linux-x86_64-debian-clang | 2.2-0 | 34.40 | 656.43 | 690.83 | OK | |
r-devel-linux-x86_64-debian-gcc | 2.2-0 | 29.32 | 482.76 | 512.08 | OK | |
r-devel-linux-x86_64-fedora-clang | 2.2-0 | 864.76 | OK | |||
r-devel-linux-x86_64-fedora-gcc | 2.2-0 | 797.59 | OK | |||
r-devel-windows-ix86+x86_64 | 2.2-0 | 84.00 | 709.00 | 793.00 | OK | |
r-patched-linux-x86_64 | 2.2-0 | 35.70 | 614.04 | 649.74 | OK | |
r-patched-solaris-x86 | 2.2-0 | 1112.50 | OK | |||
r-release-linux-x86_64 | 2.2-0 | 37.40 | 623.80 | 661.20 | OK | |
r-release-macos-x86_64 | 2.2-0 | OK | ||||
r-release-windows-ix86+x86_64 | 2.2-0 | 59.00 | 528.00 | 587.00 | OK | |
r-oldrel-macos-x86_64 | 2.2-0 | ERROR | ||||
r-oldrel-windows-ix86+x86_64 | 2.2-0 | 78.00 | 714.00 | 792.00 | OK |
Version: 2.2-0
Check: whether package can be installed
Result: ERROR
Installation failed.
Flavor: r-oldrel-macos-x86_64