Last updated on 2021-03-04 00:47:56 CET.
Flavor | Version | Tinstall | Tcheck | Ttotal | Status | Flags |
---|---|---|---|---|---|---|
r-devel-linux-x86_64-debian-clang | 8.0.1 | 3.86 | 44.61 | 48.47 | OK | |
r-devel-linux-x86_64-debian-gcc | 8.0.1 | 2.90 | 31.17 | 34.07 | OK | |
r-devel-linux-x86_64-fedora-clang | 8.0.1 | 64.59 | NOTE | |||
r-devel-linux-x86_64-fedora-gcc | 8.0.1 | 53.46 | OK | |||
r-devel-windows-ix86+x86_64 | 8.0.1 | 14.00 | 90.00 | 104.00 | OK | |
r-patched-linux-x86_64 | 8.0.1 | 3.31 | 40.12 | 43.43 | OK | |
r-patched-solaris-x86 | 8.0.1 | 85.40 | OK | |||
r-release-linux-x86_64 | 8.0.1 | 3.58 | 40.20 | 43.78 | OK | |
r-release-macos-x86_64 | 8.0.1 | OK | ||||
r-release-windows-ix86+x86_64 | 8.0.1 | 15.00 | 74.00 | 89.00 | OK | |
r-oldrel-macos-x86_64 | 8.0.1 | OK | ||||
r-oldrel-windows-ix86+x86_64 | 8.0.1 | 41.00 | 82.00 | 123.00 | OK |
Version: 8.0.1
Check: Rd cross-references
Result: NOTE
Undeclared packages ‘e1071’, ‘nloptr’ in Rd xrefs
Flavor: r-devel-linux-x86_64-fedora-clang