CRAN Package Check Results for Package DiffusionRjgqd

Last updated on 2021-03-04 00:47:56 CET.

Flavor Version Tinstall Tcheck Ttotal Status Flags
r-devel-linux-x86_64-debian-clang 0.1.1 42.35 167.38 209.73 OK
r-devel-linux-x86_64-debian-gcc 0.1.1 33.57 131.08 164.65 OK
r-devel-linux-x86_64-fedora-clang 0.1.1 271.94 NOTE
r-devel-linux-x86_64-fedora-gcc 0.1.1 272.03 NOTE
r-devel-windows-ix86+x86_64 0.1.1 95.00 265.00 360.00 NOTE
r-patched-linux-x86_64 0.1.1 37.09 165.22 202.31 OK
r-patched-solaris-x86 0.1.1 385.60 NOTE
r-release-linux-x86_64 0.1.1 37.91 165.38 203.29 OK
r-release-macos-x86_64 0.1.1 WARN
r-release-windows-ix86+x86_64 0.1.1 69.00 202.00 271.00 NOTE
r-oldrel-macos-x86_64 0.1.1 WARN
r-oldrel-windows-ix86+x86_64 0.1.1 84.00 246.00 330.00 NOTE

Check Details

Version: 0.1.1
Check: installed package size
Result: NOTE
     installed size is 7.1Mb
     sub-directories of 1Mb or more:
     doc 5.6Mb
Flavors: r-devel-linux-x86_64-fedora-clang, r-devel-windows-ix86+x86_64, r-patched-solaris-x86, r-release-macos-x86_64, r-release-windows-ix86+x86_64, r-oldrel-macos-x86_64, r-oldrel-windows-ix86+x86_64

Version: 0.1.1
Check: compiled code
Result: NOTE
    File ‘DiffusionRjgqd/libs/DiffusionRjgqd.so’:
     Found no calls to: ‘R_registerRoutines’, ‘R_useDynamicSymbols’
    
    It is good practice to register native routines and to disable symbol
    search.
    
    See ‘Writing portable packages’ in the ‘Writing R Extensions’ manual.
Flavors: r-devel-linux-x86_64-fedora-clang, r-devel-linux-x86_64-fedora-gcc

Version: 0.1.1
Check: re-building of vignette outputs
Result: WARN
    Error(s) in re-building vignettes:
    --- re-building ‘Part_1_Introduction.Rmd’ using rmarkdown
    Warning in engine$weave(file, quiet = quiet, encoding = enc) :
     Pandoc (>= 1.12.3) and/or pandoc-citeproc not available. Falling back to R Markdown v1.
    --- finished re-building ‘Part_1_Introduction.Rmd’
    
    --- re-building ‘Part_2_Transition_Densities.Rmd’ using rmarkdown
    Warning in engine$weave(file, quiet = quiet, encoding = enc) :
     Pandoc (>= 1.12.3) and/or pandoc-citeproc not available. Falling back to R Markdown v1.
    Quitting from lines 176-185 (Part_2_Transition_Densities.Rmd)
    Error: processing vignette 'Part_2_Transition_Densities.Rmd' failed with diagnostics:
    there is no package called 'DiffusionRgqd'
    --- failed re-building ‘Part_2_Transition_Densities.Rmd’
    
    --- re-building ‘Part_3_Bivariate_Diffusions.Rmd’ using rmarkdown
    Warning in engine$weave(file, quiet = quiet, encoding = enc) :
     Pandoc (>= 1.12.3) and/or pandoc-citeproc not available. Falling back to R Markdown v1.
    --- finished re-building ‘Part_3_Bivariate_Diffusions.Rmd’
    
    --- re-building ‘DiffusionRjgqd_Paper.pdf.asis’ using asis
    --- finished re-building ‘DiffusionRjgqd_Paper.pdf.asis’
    
    --- re-building ‘DiffusionRjgqd_RepMaterials.html.asis’ using asis
    --- finished re-building ‘DiffusionRjgqd_RepMaterials.html.asis’
    
    --- re-building ‘Part_4_Likelihood_Inference.html.asis’ using asis
    --- finished re-building ‘Part_4_Likelihood_Inference.html.asis’
    
    SUMMARY: processing the following file failed:
     ‘Part_2_Transition_Densities.Rmd’
    
    Error: Vignette re-building failed.
    Execution halted
Flavors: r-release-macos-x86_64, r-oldrel-macos-x86_64

Version: 0.1.1
Check: whether package can be installed
Result: WARN
    Found the following significant warnings:
     Warning: 'rgl_init' failed, running with rgl.useNULL = TRUE
Flavor: r-oldrel-macos-x86_64