Last updated on 2021-03-04 00:47:56 CET.
Flavor | Version | Tinstall | Tcheck | Ttotal | Status | Flags |
---|---|---|---|---|---|---|
r-devel-linux-x86_64-debian-clang | 2.4.3 | 311.11 | 101.87 | 412.98 | OK | |
r-devel-linux-x86_64-debian-gcc | 2.4.3 | 200.58 | 79.95 | 280.53 | OK | |
r-devel-linux-x86_64-fedora-clang | 2.4.3 | 604.41 | NOTE | |||
r-devel-linux-x86_64-fedora-gcc | 2.4.3 | 508.51 | OK | |||
r-devel-windows-ix86+x86_64 | 2.4.3 | 720.00 | 172.00 | 892.00 | OK | |
r-patched-linux-x86_64 | 2.4.3 | 242.85 | 97.74 | 340.59 | OK | |
r-patched-solaris-x86 | 2.4.3 | 482.50 | OK | |||
r-release-linux-x86_64 | 2.4.3 | 239.78 | 97.87 | 337.65 | OK | |
r-release-macos-x86_64 | 2.4.3 | NOTE | ||||
r-release-windows-ix86+x86_64 | 2.4.3 | 528.00 | 134.00 | 662.00 | OK | |
r-oldrel-macos-x86_64 | 2.4.3 | NOTE | ||||
r-oldrel-windows-ix86+x86_64 | 2.4.3 | 655.00 | 154.00 | 809.00 | OK |
Version: 2.4.3
Check: installed package size
Result: NOTE
installed size is 14.3Mb
sub-directories of 1Mb or more:
libs 12.3Mb
shiny_app 1.1Mb
Flavors: r-devel-linux-x86_64-fedora-clang, r-release-macos-x86_64, r-oldrel-macos-x86_64