CRAN Package Check Results for Package FITSio

Last updated on 2021-03-04 00:47:58 CET.

Flavor Version Tinstall Tcheck Ttotal Status Flags
r-devel-linux-x86_64-debian-clang 2.1-0 3.28 26.42 29.70 NOTE
r-devel-linux-x86_64-debian-gcc 2.1-0 2.40 20.54 22.94 NOTE
r-devel-linux-x86_64-fedora-clang 2.1-0 44.31 NOTE
r-devel-linux-x86_64-fedora-gcc 2.1-0 34.52 NOTE
r-devel-windows-ix86+x86_64 2.1-0 6.00 36.00 42.00 OK
r-patched-linux-x86_64 2.1-0 3.02 25.28 28.30 NOTE
r-patched-solaris-x86 2.1-0 48.80 NOTE
r-release-linux-x86_64 2.1-0 3.02 25.38 28.40 NOTE
r-release-macos-x86_64 2.1-0 OK
r-release-windows-ix86+x86_64 2.1-0 5.00 36.00 41.00 OK
r-oldrel-macos-x86_64 2.1-0 OK
r-oldrel-windows-ix86+x86_64 2.1-0 6.00 44.00 50.00 OK

Check Details

Version: 2.1-0
Check: for non-standard things in the check directory
Result: NOTE
    Found the following files/directories:
     'test_modified.fits'
Flavors: r-devel-linux-x86_64-debian-clang, r-devel-linux-x86_64-debian-gcc, r-devel-linux-x86_64-fedora-clang, r-devel-linux-x86_64-fedora-gcc, r-patched-linux-x86_64, r-patched-solaris-x86, r-release-linux-x86_64