CRAN Package Check Results for Package ForecastComb

Last updated on 2021-03-04 00:47:58 CET.

Flavor Version Tinstall Tcheck Ttotal Status Flags
r-devel-linux-x86_64-debian-clang 1.3.1 14.45 201.71 216.16 OK
r-devel-linux-x86_64-debian-gcc 1.3.1 11.58 144.37 155.95 OK
r-devel-linux-x86_64-fedora-clang 1.3.1 257.28 NOTE
r-devel-linux-x86_64-fedora-gcc 1.3.1 241.14 OK
r-devel-windows-ix86+x86_64 1.3.1 34.00 225.00 259.00 OK
r-patched-linux-x86_64 1.3.1 12.79 185.70 198.49 OK
r-patched-solaris-x86 1.3.1 320.30 OK
r-release-linux-x86_64 1.3.1 12.92 183.95 196.87 OK
r-release-macos-x86_64 1.3.1 OK
r-release-windows-ix86+x86_64 1.3.1 23.00 180.00 203.00 OK
r-oldrel-macos-x86_64 1.3.1 OK
r-oldrel-windows-ix86+x86_64 1.3.1 28.00 208.00 236.00 OK

Check Details

Version: 1.3.1
Check: Rd cross-references
Result: NOTE
    Undeclared package ‘ForecastCombinations’ in Rd xrefs
Flavor: r-devel-linux-x86_64-fedora-clang