CRAN Package Check Results for Package FrF2

Last updated on 2021-03-04 00:47:58 CET.

Flavor Version Tinstall Tcheck Ttotal Status Flags
r-devel-linux-x86_64-debian-clang 2.2-2 13.79 157.55 171.34 OK
r-devel-linux-x86_64-debian-gcc 2.2-2 12.80 111.31 124.11 OK
r-devel-linux-x86_64-fedora-clang 2.2-2 220.33 NOTE
r-devel-linux-x86_64-fedora-gcc 2.2-2 206.01 OK
r-devel-windows-ix86+x86_64 2.2-2 28.00 177.00 205.00 OK
r-patched-linux-x86_64 2.2-2 14.91 143.79 158.70 OK
r-patched-solaris-x86 2.2-2 250.60 OK
r-release-linux-x86_64 2.2-2 16.45 144.42 160.87 OK
r-release-macos-x86_64 2.2-2 OK
r-release-windows-ix86+x86_64 2.2-2 20.00 137.00 157.00 OK
r-oldrel-macos-x86_64 2.2-2 OK
r-oldrel-windows-ix86+x86_64 2.2-2 25.00 173.00 198.00 OK

Check Details

Version: 2.2-2
Check: Rd cross-references
Result: NOTE
    Undeclared package ‘DoE.wrapper’ in Rd xrefs
Flavor: r-devel-linux-x86_64-fedora-clang