CRAN Package Check Results for Package GD

Last updated on 2021-03-04 00:47:58 CET.

Flavor Version Tinstall Tcheck Ttotal Status Flags
r-devel-linux-x86_64-debian-clang 1.9 4.74 31.97 36.71 OK
r-devel-linux-x86_64-debian-gcc 1.9 3.28 24.91 28.19 OK
r-devel-linux-x86_64-fedora-clang 1.9 53.66 NOTE
r-devel-linux-x86_64-fedora-gcc 1.9 43.74 NOTE
r-devel-windows-ix86+x86_64 1.9 9.00 46.00 55.00 OK
r-patched-linux-x86_64 1.9 3.08 30.87 33.95 OK
r-patched-solaris-x86 1.9 64.70 NOTE
r-release-linux-x86_64 1.9 4.34 30.63 34.97 OK
r-release-macos-x86_64 1.9 NOTE
r-release-windows-ix86+x86_64 1.9 6.00 36.00 42.00 OK
r-oldrel-macos-x86_64 1.9 NOTE
r-oldrel-windows-ix86+x86_64 1.9 7.00 46.00 53.00 OK

Check Details

Version: 1.9
Check: dependencies in R code
Result: NOTE
    Namespace in Imports field not imported from: ‘badger’
     All declared Imports should be used.
Flavors: r-devel-linux-x86_64-fedora-clang, r-devel-linux-x86_64-fedora-gcc, r-patched-solaris-x86, r-release-macos-x86_64, r-oldrel-macos-x86_64