CRAN Package Check Results for Package GEInter

Last updated on 2021-03-04 00:47:58 CET.

Flavor Version Tinstall Tcheck Ttotal Status Flags
r-devel-linux-x86_64-debian-clang 0.2.0 8.89 100.59 109.48 OK
r-devel-linux-x86_64-debian-gcc 0.2.0 7.82 73.35 81.17 OK
r-devel-linux-x86_64-fedora-clang 0.2.0 144.69 NOTE
r-devel-linux-x86_64-fedora-gcc 0.2.0 129.88 NOTE
r-devel-windows-ix86+x86_64 0.1.0 22.00 117.00 139.00 OK
r-patched-linux-x86_64 0.2.0 7.19 92.04 99.23 OK
r-patched-solaris-x86 0.2.0 169.50 NOTE
r-release-linux-x86_64 0.1.0 6.29 90.46 96.75 OK
r-release-macos-x86_64 0.1.0 NOTE
r-release-windows-ix86+x86_64 0.2.0 22.00 122.00 144.00 OK
r-oldrel-macos-x86_64 0.2.0 NOTE
r-oldrel-windows-ix86+x86_64 0.1.0 18.00 109.00 127.00 OK

Check Details

Version: 0.2.0
Check: dependencies in R code
Result: NOTE
    Namespace in Imports field not imported from: ‘survAUC’
     All declared Imports should be used.
Flavors: r-devel-linux-x86_64-fedora-clang, r-devel-linux-x86_64-fedora-gcc, r-patched-solaris-x86, r-oldrel-macos-x86_64

Version: 0.1.0
Check: dependencies in R code
Result: NOTE
    Namespace in Imports field not imported from: ‘survAUC’
     All declared Imports should be used.
Flavor: r-release-macos-x86_64