CRAN Package Check Results for Package GNRS

Last updated on 2021-03-04 00:47:59 CET.

Flavor Version Tinstall Tcheck Ttotal Status Flags
r-devel-linux-x86_64-debian-clang 0.1.1 2.51 34.84 37.35 OK
r-devel-linux-x86_64-debian-gcc 0.1.1 1.90 26.77 28.67 OK
r-devel-linux-x86_64-fedora-clang 0.1.1 54.23 NOTE
r-devel-linux-x86_64-fedora-gcc 0.1.1 44.58 NOTE
r-devel-windows-ix86+x86_64 0.1.1 7.00 115.00 122.00 OK
r-patched-linux-x86_64 0.1.1 2.72 33.53 36.25 OK
r-patched-solaris-x86 0.1.1 67.80 NOTE
r-release-linux-x86_64 0.1.1 2.20 33.35 35.55 OK
r-release-macos-x86_64 0.1.1 NOTE
r-release-windows-ix86+x86_64 0.1.1 6.00 96.00 102.00 OK
r-oldrel-macos-x86_64 0.1.1 NOTE
r-oldrel-windows-ix86+x86_64 0.1.1 19.00 110.00 129.00 OK

Check Details

Version: 0.1.1
Check: dependencies in R code
Result: NOTE
    Namespace in Imports field not imported from: ‘rjson’
     All declared Imports should be used.
Flavors: r-devel-linux-x86_64-fedora-clang, r-devel-linux-x86_64-fedora-gcc, r-patched-solaris-x86, r-release-macos-x86_64, r-oldrel-macos-x86_64