Last updated on 2021-03-04 00:47:59 CET.
Flavor | Version | Tinstall | Tcheck | Ttotal | Status | Flags |
---|---|---|---|---|---|---|
r-devel-linux-x86_64-debian-clang | 1.1.0 | 193.66 | 322.03 | 515.69 | OK | |
r-devel-linux-x86_64-debian-gcc | 1.1.0 | 168.74 | 238.74 | 407.48 | OK | |
r-devel-linux-x86_64-fedora-clang | 1.1.0 | 687.11 | NOTE | |||
r-devel-linux-x86_64-fedora-gcc | 1.1.0 | 669.81 | OK | |||
r-devel-windows-ix86+x86_64 | 1.1.0 | 331.00 | 378.00 | 709.00 | NOTE | |
r-patched-linux-x86_64 | 1.1.0 | 185.53 | 302.57 | 488.10 | OK | |
r-patched-solaris-x86 | 1.1.0 | 1106.20 | NOTE | |||
r-release-linux-x86_64 | 1.1.0 | 180.07 | 304.33 | 484.40 | OK | |
r-release-macos-x86_64 | 1.1.0 | NOTE | ||||
r-release-windows-ix86+x86_64 | 1.1.0 | 225.00 | 262.00 | 487.00 | NOTE | |
r-oldrel-macos-x86_64 | 1.1.0 | ERROR | ||||
r-oldrel-windows-ix86+x86_64 | 1.1.0 | 301.00 | 360.00 | 661.00 | NOTE |
Version: 1.1.0
Check: installed package size
Result: NOTE
installed size is 6.9Mb
sub-directories of 1Mb or more:
R 6.3Mb
Flavors: r-devel-linux-x86_64-fedora-clang, r-devel-windows-ix86+x86_64, r-patched-solaris-x86, r-release-macos-x86_64, r-release-windows-ix86+x86_64, r-oldrel-windows-ix86+x86_64
Version: 1.1.0
Check: package dependencies
Result: ERROR
Package required but not available: ‘GO.db’
See section ‘The DESCRIPTION file’ in the ‘Writing R Extensions’
manual.
Flavor: r-oldrel-macos-x86_64