Last updated on 2021-03-04 00:47:59 CET.
Flavor | Version | Tinstall | Tcheck | Ttotal | Status | Flags |
---|---|---|---|---|---|---|
r-devel-linux-x86_64-debian-clang | 1.0.1 | 6.62 | 66.65 | 73.27 | NOTE | |
r-devel-linux-x86_64-debian-gcc | 1.0.1 | 5.89 | 50.73 | 56.62 | NOTE | |
r-devel-linux-x86_64-fedora-clang | 1.0.1 | 97.68 | NOTE | |||
r-devel-linux-x86_64-fedora-gcc | 1.0.1 | 89.73 | NOTE | |||
r-devel-windows-ix86+x86_64 | 1.0.1 | 18.00 | 98.00 | 116.00 | OK | |
r-patched-linux-x86_64 | 1.0.1 | 6.71 | 64.34 | 71.05 | NOTE | |
r-patched-solaris-x86 | 1.0.1 | 144.10 | NOTE | |||
r-release-linux-x86_64 | 1.0.1 | 6.64 | 62.90 | 69.54 | NOTE | |
r-release-macos-x86_64 | 1.0.1 | OK | ||||
r-release-windows-ix86+x86_64 | 1.0.1 | 11.00 | 70.00 | 81.00 | OK | |
r-oldrel-macos-x86_64 | 1.0.1 | OK | ||||
r-oldrel-windows-ix86+x86_64 | 1.0.1 | 14.00 | 100.00 | 114.00 | WARN |
Version: 1.0.1
Check: for non-standard things in the check directory
Result: NOTE
Found the following files/directories:
'Pictures_analyzed' 'cutoff_vals' 'cutoff_vals1' 'gina_cran.JPG'
Flavors: r-devel-linux-x86_64-debian-clang, r-devel-linux-x86_64-debian-gcc, r-devel-linux-x86_64-fedora-clang, r-devel-linux-x86_64-fedora-gcc, r-patched-linux-x86_64, r-patched-solaris-x86, r-release-linux-x86_64
Version: 1.0.1
Check: whether package can be installed
Result: WARN
Found the following significant warnings:
Warning: namespace 'Rcpp' is not available and has been replaced
Flavor: r-oldrel-windows-ix86+x86_64
Version: 1.0.1
Check: data for non-ASCII characters
Result: WARN
Warning: namespace 'Rcpp' is not available and has been replaced
by .GlobalEnv when processing object 'GINA.sample'
Warning: namespace 'Rcpp' is not available and has been replaced
by .GlobalEnv when processing object 'GINA.sample'
Flavor: r-oldrel-windows-ix86+x86_64