Last updated on 2021-03-04 00:48:00 CET.
Flavor | Version | Tinstall | Tcheck | Ttotal | Status | Flags |
---|---|---|---|---|---|---|
r-devel-linux-x86_64-debian-clang | 1.0.1 | 157.99 | 123.48 | 281.47 | OK | |
r-devel-linux-x86_64-debian-gcc | 1.0.1 | 94.53 | 88.07 | 182.60 | OK | |
r-devel-linux-x86_64-fedora-clang | 1.0.1 | 386.49 | NOTE | |||
r-devel-linux-x86_64-fedora-gcc | 1.0.1 | 326.50 | OK | |||
r-devel-windows-ix86+x86_64 | 1.0.1 | 340.00 | 218.00 | 558.00 | OK | |
r-patched-linux-x86_64 | 1.0.1 | 116.12 | 112.57 | 228.69 | OK | |
r-patched-solaris-x86 | 1.0.1 | 292.50 | OK | |||
r-release-linux-x86_64 | 1.0.1 | 120.71 | 112.62 | 233.33 | OK | |
r-release-macos-x86_64 | 1.0.1 | NOTE | ||||
r-release-windows-ix86+x86_64 | 1.0.1 | 253.00 | 159.00 | 412.00 | OK | |
r-oldrel-macos-x86_64 | 1.0.1 | NOTE | ||||
r-oldrel-windows-ix86+x86_64 | 1.0.1 | 299.00 | 201.00 | 500.00 | OK |
Version: 1.0.1
Check: installed package size
Result: NOTE
installed size is 7.9Mb
sub-directories of 1Mb or more:
libs 7.2Mb
Flavors: r-devel-linux-x86_64-fedora-clang, r-release-macos-x86_64, r-oldrel-macos-x86_64