Last updated on 2021-03-04 00:48:00 CET.
Flavor | Version | Tinstall | Tcheck | Ttotal | Status | Flags |
---|---|---|---|---|---|---|
r-devel-linux-x86_64-debian-clang | 0.1.1 | 46.58 | 96.76 | 143.34 | NOTE | |
r-devel-linux-x86_64-debian-gcc | 0.1.1 | 37.91 | 71.38 | 109.29 | NOTE | |
r-devel-linux-x86_64-fedora-clang | 0.1.1 | 202.67 | NOTE | |||
r-devel-linux-x86_64-fedora-gcc | 0.1.1 | 195.44 | NOTE | |||
r-devel-windows-ix86+x86_64 | 0.1.1 | 117.00 | 137.00 | 254.00 | NOTE | |
r-patched-linux-x86_64 | 0.1.1 | 45.10 | 87.66 | 132.76 | NOTE | |
r-patched-solaris-x86 | 0.1.1 | 194.90 | NOTE | |||
r-release-linux-x86_64 | 0.1.1 | 45.35 | 87.34 | 132.69 | NOTE | |
r-release-macos-x86_64 | 0.1.1 | NOTE | ||||
r-release-windows-ix86+x86_64 | 0.1.1 | 81.00 | 107.00 | 188.00 | NOTE | |
r-oldrel-macos-x86_64 | 0.1.1 | NOTE | ||||
r-oldrel-windows-ix86+x86_64 | 0.1.1 | 103.00 | 135.00 | 238.00 | NOTE |
Version: 0.1.1
Check: package dependencies
Result: NOTE
Package suggested but not available for checking: 'IFCdata'
Flavors: r-devel-linux-x86_64-debian-clang, r-devel-linux-x86_64-debian-gcc, r-devel-linux-x86_64-fedora-clang, r-devel-linux-x86_64-fedora-gcc, r-devel-windows-ix86+x86_64, r-patched-linux-x86_64, r-patched-solaris-x86, r-release-linux-x86_64, r-release-macos-x86_64, r-release-windows-ix86+x86_64, r-oldrel-macos-x86_64, r-oldrel-windows-ix86+x86_64