Last updated on 2021-03-04 00:48:00 CET.
Flavor | Version | Tinstall | Tcheck | Ttotal | Status | Flags |
---|---|---|---|---|---|---|
r-devel-linux-x86_64-debian-clang | 2.1.5 | 24.28 | 124.79 | 149.07 | OK | |
r-devel-linux-x86_64-debian-gcc | 2.1.5 | 20.60 | 91.43 | 112.03 | OK | |
r-devel-linux-x86_64-fedora-clang | 2.1.5 | 188.98 | OK | |||
r-devel-linux-x86_64-fedora-gcc | 2.1.5 | 178.88 | OK | |||
r-devel-windows-ix86+x86_64 | 2.1.5 | 39.00 | 145.00 | 184.00 | OK | |
r-patched-linux-x86_64 | 2.1.5 | 21.39 | 120.97 | 142.36 | OK | |
r-patched-solaris-x86 | 2.1.5 | 234.50 | OK | |||
r-release-linux-x86_64 | 2.1.5 | 20.49 | 121.13 | 141.62 | OK | |
r-release-macos-x86_64 | 2.1.5 | OK | ||||
r-release-windows-ix86+x86_64 | 2.1.5 | 29.00 | 119.00 | 148.00 | OK | |
r-oldrel-macos-x86_64 | 2.1.5 | ERROR | ||||
r-oldrel-windows-ix86+x86_64 | 2.1.2 | 29.00 | 136.00 | 165.00 | OK |
Version: 2.1.5
Check: whether package can be installed
Result: ERROR
Installation failed.
Flavor: r-oldrel-macos-x86_64