CRAN Package Check Results for Package IncDTW

Last updated on 2021-03-04 00:48:00 CET.

Flavor Version Tinstall Tcheck Ttotal Status Flags
r-devel-linux-x86_64-debian-clang 1.1.4.2 117.99 89.33 207.32 NOTE
r-devel-linux-x86_64-debian-gcc 1.1.4.2 84.90 65.53 150.43 NOTE
r-devel-linux-x86_64-fedora-clang 1.1.4.2 294.75 NOTE
r-devel-linux-x86_64-fedora-gcc 1.1.4.2 268.31 NOTE
r-devel-windows-ix86+x86_64 1.1.4.2 280.00 153.00 433.00 NOTE
r-patched-linux-x86_64 1.1.4.2 104.18 82.97 187.15 NOTE
r-patched-solaris-x86 1.1.4.2 263.20 NOTE
r-release-linux-x86_64 1.1.4.2 98.02 82.21 180.23 NOTE
r-release-macos-x86_64 1.1.4.2 NOTE
r-release-windows-ix86+x86_64 1.1.4.2 204.00 120.00 324.00 NOTE
r-oldrel-macos-x86_64 1.1.4.2 NOTE
r-oldrel-windows-ix86+x86_64 1.1.4.2 247.00 144.00 391.00 NOTE

Check Details

Version: 1.1.4.2
Check: for GNU extensions in Makefiles
Result: NOTE
    GNU make is a SystemRequirements.
Flavors: r-devel-linux-x86_64-debian-clang, r-devel-linux-x86_64-debian-gcc, r-devel-linux-x86_64-fedora-clang, r-devel-linux-x86_64-fedora-gcc, r-devel-windows-ix86+x86_64, r-patched-linux-x86_64, r-patched-solaris-x86, r-release-linux-x86_64, r-release-macos-x86_64, r-release-windows-ix86+x86_64, r-oldrel-macos-x86_64, r-oldrel-windows-ix86+x86_64

Version: 1.1.4.2
Check: installed package size
Result: NOTE
     installed size is 7.3Mb
     sub-directories of 1Mb or more:
     libs 5.5Mb
Flavors: r-devel-linux-x86_64-fedora-clang, r-release-macos-x86_64, r-oldrel-macos-x86_64