Last updated on 2021-03-04 00:48:01 CET.
Flavor | Version | Tinstall | Tcheck | Ttotal | Status | Flags |
---|---|---|---|---|---|---|
r-devel-linux-x86_64-debian-clang | 0.1-3 | 79.45 | 111.30 | 190.75 | OK | |
r-devel-linux-x86_64-debian-gcc | 0.1-3 | 61.60 | 83.79 | 145.39 | OK | |
r-devel-linux-x86_64-fedora-clang | 0.1-3 | 254.51 | NOTE | |||
r-devel-linux-x86_64-fedora-gcc | 0.1-3 | 241.88 | OK | |||
r-devel-windows-ix86+x86_64 | 0.1-3 | 163.00 | 177.00 | 340.00 | OK | |
r-patched-linux-x86_64 | 0.1-3 | 69.18 | 103.38 | 172.56 | OK | |
r-patched-solaris-x86 | 0.1-3 | 259.90 | OK | |||
r-release-linux-x86_64 | 0.1-3 | 76.28 | 103.08 | 179.36 | OK | |
r-release-macos-x86_64 | 0.1-3 | NOTE | ||||
r-release-windows-ix86+x86_64 | 0.1-3 | 124.00 | 135.00 | 259.00 | OK | |
r-oldrel-macos-x86_64 | 0.1-3 | NOTE | ||||
r-oldrel-windows-ix86+x86_64 | 0.1-3 | 145.00 | 165.00 | 310.00 | OK |
Version: 0.1-3
Check: installed package size
Result: NOTE
installed size is 8.0Mb
sub-directories of 1Mb or more:
libs 7.5Mb
Flavors: r-devel-linux-x86_64-fedora-clang, r-release-macos-x86_64, r-oldrel-macos-x86_64