Last updated on 2021-03-04 00:48:01 CET.
Flavor | Version | Tinstall | Tcheck | Ttotal | Status | Flags |
---|---|---|---|---|---|---|
r-devel-linux-x86_64-debian-clang | 1.1.0 | 14.26 | 141.74 | 156.00 | OK | |
r-devel-linux-x86_64-debian-gcc | 1.1.0 | 12.36 | 106.29 | 118.65 | OK | |
r-devel-linux-x86_64-fedora-clang | 1.1.0 | 202.69 | OK | |||
r-devel-linux-x86_64-fedora-gcc | 1.1.0 | 192.69 | OK | |||
r-devel-windows-ix86+x86_64 | 1.1.0 | 31.00 | 149.00 | 180.00 | OK | |
r-patched-linux-x86_64 | 1.1.0 | 13.28 | 130.24 | 143.52 | OK | |
r-release-linux-x86_64 | 1.1.0 | 13.30 | 130.02 | 143.32 | OK | |
r-release-macos-x86_64 | 1.1.0 | OK | ||||
r-release-windows-ix86+x86_64 | 1.1.0 | 22.00 | 115.00 | 137.00 | OK | |
r-oldrel-macos-x86_64 | 1.1.0 | ERROR | ||||
r-oldrel-windows-ix86+x86_64 | 1.0.0 | 19.00 | 99.00 | 118.00 | OK |
Version: 1.1.0
Check: whether package can be installed
Result: ERROR
Installation failed.
Flavor: r-oldrel-macos-x86_64