Last updated on 2021-03-04 00:48:02 CET.
Flavor | Version | Tinstall | Tcheck | Ttotal | Status | Flags |
---|---|---|---|---|---|---|
r-devel-linux-x86_64-debian-clang | 2.0.2 | 8.09 | 69.81 | 77.90 | OK | |
r-devel-linux-x86_64-debian-gcc | 2.0.2 | 6.82 | 53.50 | 60.32 | OK | |
r-devel-linux-x86_64-fedora-clang | 2.0.2 | 103.68 | OK | |||
r-devel-linux-x86_64-fedora-gcc | 2.0.2 | 91.27 | OK | |||
r-devel-windows-ix86+x86_64 | 2.0.2 | 18.00 | 87.00 | 105.00 | OK | |
r-patched-linux-x86_64 | 2.0.2 | 7.73 | 65.57 | 73.30 | OK | |
r-patched-solaris-x86 | 2.0.2 | 131.10 | OK | |||
r-release-linux-x86_64 | 2.0.2 | 7.46 | 65.21 | 72.67 | OK | |
r-release-macos-x86_64 | 2.0.2 | OK | ||||
r-release-windows-ix86+x86_64 | 2.0.2 | 14.00 | 65.00 | 79.00 | OK | |
r-oldrel-macos-x86_64 | 2.0.2 | WARN | ||||
r-oldrel-windows-ix86+x86_64 | 2.0.2 | 15.00 | 95.00 | 110.00 | OK |
Version: 2.0.2
Check: whether package can be installed
Result: WARN
Found the following significant warnings:
Warning: 'rgl.init' failed, running with 'rgl.useNULL = TRUE'.
Flavor: r-oldrel-macos-x86_64