CRAN Package Check Results for Package Lock5Data

Last updated on 2021-03-04 00:48:02 CET.

Flavor Version Tinstall Tcheck Ttotal Status Flags
r-devel-linux-x86_64-debian-clang 2.8 3.38 26.79 30.17 OK
r-devel-linux-x86_64-debian-gcc 2.8 3.09 21.29 24.38 OK
r-devel-linux-x86_64-fedora-clang 2.8 49.38 NOTE
r-devel-linux-x86_64-fedora-gcc 2.8 37.79 NOTE
r-devel-windows-ix86+x86_64 2.8 8.00 40.00 48.00 OK
r-patched-linux-x86_64 2.8 2.98 27.15 30.13 OK
r-patched-solaris-x86 2.8 52.50 NOTE
r-release-linux-x86_64 2.8 3.84 27.12 30.96 OK
r-release-macos-x86_64 2.8 NOTE
r-release-windows-ix86+x86_64 2.8 7.00 39.00 46.00 OK
r-oldrel-macos-x86_64 2.8 NOTE
r-oldrel-windows-ix86+x86_64 2.8 9.00 62.00 71.00 OK

Check Details

Version: 2.8
Check: data for non-ASCII characters
Result: NOTE
     Note: found 23 marked UTF-8 strings
Flavors: r-devel-linux-x86_64-fedora-clang, r-devel-linux-x86_64-fedora-gcc, r-patched-solaris-x86, r-release-macos-x86_64, r-oldrel-macos-x86_64