CRAN Package Check Results for Package MSbox

Last updated on 2021-03-04 00:48:03 CET.

Flavor Version Tinstall Tcheck Ttotal Status Flags
r-devel-linux-x86_64-debian-clang 1.3.8 40.17 96.80 136.97 OK
r-devel-linux-x86_64-debian-gcc 1.3.8 32.14 73.62 105.76 OK
r-devel-linux-x86_64-fedora-clang 1.3.8 181.09 NOTE
r-devel-linux-x86_64-fedora-gcc 1.3.8 167.43 NOTE
r-devel-windows-ix86+x86_64 1.3.8 66.00 114.00 180.00 OK
r-patched-linux-x86_64 1.3.8 29.40 88.66 118.06 OK
r-patched-solaris-x86 1.3.8 290.10 NOTE
r-release-linux-x86_64 1.3.8 28.74 90.72 119.46 OK
r-release-macos-x86_64 1.3.8 NOTE
r-release-windows-ix86+x86_64 1.3.8 49.00 82.00 131.00 OK
r-oldrel-macos-x86_64 1.3.8 NOTE
r-oldrel-windows-ix86+x86_64 1.3.8 70.00 111.00 181.00 OK

Check Details

Version: 1.3.8
Check: dependencies in R code
Result: NOTE
    Namespace in Imports field not imported from: ‘magrittr’
     All declared Imports should be used.
Flavors: r-devel-linux-x86_64-fedora-clang, r-devel-linux-x86_64-fedora-gcc, r-patched-solaris-x86, r-release-macos-x86_64, r-oldrel-macos-x86_64