CRAN Package Check Results for Package MultiVarSel

Last updated on 2021-03-04 00:48:03 CET.

Flavor Version Tinstall Tcheck Ttotal Status Flags
r-devel-linux-x86_64-debian-clang 1.1.3 6.14 73.58 79.72 OK
r-devel-linux-x86_64-debian-gcc 1.1.3 5.78 52.78 58.56 OK
r-devel-linux-x86_64-fedora-clang 1.1.3 100.81 NOTE
r-devel-linux-x86_64-fedora-gcc 1.1.3 89.92 NOTE
r-devel-windows-ix86+x86_64 1.1.3 17.00 88.00 105.00 OK
r-patched-linux-x86_64 1.1.3 7.19 65.56 72.75 OK
r-patched-solaris-x86 1.1.3 136.70 NOTE
r-release-linux-x86_64 1.1.3 6.75 65.33 72.08 OK
r-release-macos-x86_64 1.1.3 NOTE
r-release-windows-ix86+x86_64 1.1.3 17.00 63.00 80.00 OK
r-oldrel-macos-x86_64 1.1.3 NOTE
r-oldrel-windows-ix86+x86_64 1.1.3 22.00 87.00 109.00 OK

Check Details

Version: 1.1.3
Check: data for non-ASCII characters
Result: NOTE
     Note: found 6 marked UTF-8 strings
Flavors: r-devel-linux-x86_64-fedora-clang, r-devel-linux-x86_64-fedora-gcc, r-patched-solaris-x86, r-release-macos-x86_64, r-oldrel-macos-x86_64