Last updated on 2021-03-04 00:48:04 CET.
Flavor | Version | Tinstall | Tcheck | Ttotal | Status | Flags |
---|---|---|---|---|---|---|
r-devel-linux-x86_64-debian-clang | 0.6 | 23.27 | 165.80 | 189.07 | OK | --no-vignettes |
r-devel-linux-x86_64-debian-gcc | 0.6 | 20.06 | 125.27 | 145.33 | OK | --no-vignettes |
r-devel-linux-x86_64-fedora-clang | 0.6 | 500.36 | OK | |||
r-devel-linux-x86_64-fedora-gcc | 0.6 | 426.71 | OK | |||
r-devel-windows-ix86+x86_64 | 0.6 | 52.00 | 370.00 | 422.00 | OK | |
r-patched-linux-x86_64 | 0.6 | 24.32 | 153.87 | 178.19 | OK | --no-vignettes |
r-patched-solaris-x86 | 0.6 | 547.30 | OK | |||
r-release-linux-x86_64 | 0.6 | 23.33 | 153.75 | 177.08 | OK | --no-vignettes |
r-release-macos-x86_64 | 0.6 | OK | ||||
r-release-windows-ix86+x86_64 | 0.6 | 35.00 | 275.00 | 310.00 | OK | |
r-oldrel-macos-x86_64 | 0.6 | WARN | ||||
r-oldrel-windows-ix86+x86_64 | 0.6 | 46.00 | 360.00 | 406.00 | OK |
Version: 0.6
Check: whether package can be installed
Result: WARN
Found the following significant warnings:
Warning: 'rgl.init' failed, running with 'rgl.useNULL = TRUE'.
Flavor: r-oldrel-macos-x86_64