CRAN Package Check Results for Package OpenML

Last updated on 2021-03-04 00:48:04 CET.

Flavor Version Tinstall Tcheck Ttotal Status Flags
r-devel-linux-x86_64-debian-clang 1.10 8.85 70.39 79.24 OK
r-devel-linux-x86_64-debian-gcc 1.10 6.52 52.75 59.27 OK
r-devel-linux-x86_64-fedora-clang 1.10 105.08 OK
r-devel-linux-x86_64-fedora-gcc 1.10 93.20 OK
r-devel-windows-ix86+x86_64 1.10 17.00 87.00 104.00 OK
r-patched-linux-x86_64 1.10 10.07 65.26 75.33 OK
r-patched-solaris-x86 1.10 127.60 NOTE
r-release-linux-x86_64 1.10 9.84 64.91 74.75 OK
r-release-macos-x86_64 1.10 OK
r-release-windows-ix86+x86_64 1.10 13.00 63.00 76.00 OK
r-oldrel-macos-x86_64 1.10 OK
r-oldrel-windows-ix86+x86_64 1.10 15.00 83.00 98.00 OK

Check Details

Version: 1.10
Check: package dependencies
Result: NOTE
    Package suggested but not available for checking: ‘RWeka’
Flavor: r-patched-solaris-x86