CRAN Package Check Results for Package PAMmisc

Last updated on 2021-03-04 00:48:05 CET.

Flavor Version Tinstall Tcheck Ttotal Status Flags
r-devel-linux-x86_64-debian-clang 1.6.5 22.89 196.59 219.48 OK
r-devel-linux-x86_64-debian-gcc 1.6.5 18.94 150.14 169.08 OK
r-devel-linux-x86_64-fedora-clang 1.6.5 271.31 OK
r-devel-linux-x86_64-fedora-gcc 1.6.5 260.69 OK
r-devel-windows-ix86+x86_64 1.6.5 51.00 218.00 269.00 OK
r-patched-linux-x86_64 1.6.5 23.32 180.74 204.06 OK
r-patched-solaris-x86 1.6.5 386.50 OK
r-release-linux-x86_64 1.6.5 20.51 181.17 201.68 OK
r-release-macos-x86_64 1.6.5 OK
r-release-windows-ix86+x86_64 1.6.5 35.00 166.00 201.00 OK
r-oldrel-macos-x86_64 1.6.5 WARN
r-oldrel-windows-ix86+x86_64 1.6.5 43.00 197.00 240.00 OK

Check Details

Version: 1.6.5
Check: dependencies in R code
Result: NOTE
    No protocol specified
    No protocol specified
Flavor: r-oldrel-macos-x86_64

Version: 1.6.5
Check: S3 generic/method consistency
Result: WARN
    No protocol specified
    No protocol specified
    See section ‘Generic functions and methods’ in the ‘Writing R
    Extensions’ manual.
Flavor: r-oldrel-macos-x86_64

Version: 1.6.5
Check: replacement functions
Result: WARN
    No protocol specified
    No protocol specified
    The argument of a replacement function which corresponds to the right
    hand side must be named ‘value’.
Flavor: r-oldrel-macos-x86_64

Version: 1.6.5
Check: foreign function calls
Result: NOTE
    No protocol specified
    No protocol specified
    See chapter ‘System and foreign language interfaces’ in the ‘Writing R
    Extensions’ manual.
Flavor: r-oldrel-macos-x86_64

Version: 1.6.5
Check: R code for possible problems
Result: NOTE
    No protocol specified
    No protocol specified
Flavor: r-oldrel-macos-x86_64

Version: 1.6.5
Check: for missing documentation entries
Result: WARN
    No protocol specified
    No protocol specified
    All user-level objects in a package should have documentation entries.
    See chapter ‘Writing R documentation files’ in the ‘Writing R
    Extensions’ manual.
Flavor: r-oldrel-macos-x86_64

Version: 1.6.5
Check: for code/documentation mismatches
Result: WARN
    No protocol specified
    No protocol specified
    No protocol specified
    No protocol specified
    No protocol specified
    No protocol specified
Flavor: r-oldrel-macos-x86_64

Version: 1.6.5
Check: Rd \usage sections
Result: NOTE
    No protocol specified
    No protocol specified
    The \usage entries for S3 methods should use the \method markup and not
    their full name.
    See chapter ‘Writing R documentation files’ in the ‘Writing R
    Extensions’ manual.
Flavor: r-oldrel-macos-x86_64