Last updated on 2021-03-04 00:48:05 CET.
Flavor | Version | Tinstall | Tcheck | Ttotal | Status | Flags |
---|---|---|---|---|---|---|
r-devel-linux-x86_64-debian-clang | 0.3.2 | 1.62 | 27.25 | 28.87 | NOTE | |
r-devel-linux-x86_64-debian-gcc | 0.3.2 | 1.58 | 21.38 | 22.96 | NOTE | |
r-devel-linux-x86_64-fedora-clang | 0.3.2 | 45.35 | NOTE | |||
r-devel-linux-x86_64-fedora-gcc | 0.3.2 | 35.49 | NOTE | |||
r-devel-windows-ix86+x86_64 | 0.3.2 | 4.00 | 42.00 | 46.00 | NOTE | |
r-patched-linux-x86_64 | 0.3.2 | 2.06 | 26.13 | 28.19 | NOTE | |
r-patched-solaris-x86 | 0.3.2 | 53.70 | NOTE | |||
r-release-linux-x86_64 | 0.3.2 | 2.10 | 26.51 | 28.61 | NOTE | |
r-release-macos-x86_64 | 0.3.2 | NOTE | ||||
r-release-windows-ix86+x86_64 | 0.3.2 | 3.00 | 40.00 | 43.00 | NOTE | |
r-oldrel-macos-x86_64 | 0.3.2 | NOTE | ||||
r-oldrel-windows-ix86+x86_64 | 0.3.2 | 17.00 | 46.00 | 63.00 | NOTE |
Version: 0.3.2
Check: R code for possible problems
Result: NOTE
PKmod: no visible global function definition for 'deriv'
Undefined global functions or variables:
deriv
Consider adding
importFrom("stats", "deriv")
to your NAMESPACE file.
Flavors: r-devel-linux-x86_64-debian-clang, r-devel-linux-x86_64-debian-gcc, r-devel-linux-x86_64-fedora-clang, r-devel-linux-x86_64-fedora-gcc, r-devel-windows-ix86+x86_64, r-patched-linux-x86_64, r-patched-solaris-x86, r-release-linux-x86_64, r-release-macos-x86_64, r-release-windows-ix86+x86_64, r-oldrel-macos-x86_64, r-oldrel-windows-ix86+x86_64