Last updated on 2021-03-04 00:48:05 CET.
Flavor | Version | Tinstall | Tcheck | Ttotal | Status | Flags |
---|---|---|---|---|---|---|
r-devel-linux-x86_64-debian-clang | 1.0.1 | 42.32 | 69.28 | 111.60 | OK | |
r-devel-linux-x86_64-debian-gcc | 1.0.1 | 26.89 | 53.48 | 80.37 | OK | |
r-devel-linux-x86_64-fedora-clang | 1.0.1 | 146.03 | NOTE | |||
r-devel-linux-x86_64-fedora-gcc | 1.0.1 | 129.71 | NOTE | |||
r-devel-windows-ix86+x86_64 | 1.0.1 | 86.00 | 121.00 | 207.00 | OK | |
r-patched-linux-x86_64 | 1.0.1 | 31.95 | 64.84 | 96.79 | OK | |
r-patched-solaris-x86 | 1.0.1 | 164.30 | OK | |||
r-release-linux-x86_64 | 1.0.1 | 32.05 | 64.89 | 96.94 | OK | |
r-release-macos-x86_64 | 1.0.1 | OK | ||||
r-release-windows-ix86+x86_64 | 1.0.1 | 62.00 | 97.00 | 159.00 | OK | |
r-oldrel-macos-x86_64 | 1.0.1 | OK | ||||
r-oldrel-windows-ix86+x86_64 | 1.0.1 | 74.00 | 113.00 | 187.00 | OK |
Version: 1.0.1
Check: compiled code
Result: NOTE
File ‘PenCoxFrail/libs/PenCoxFrail.so’:
Found no calls to: ‘R_registerRoutines’, ‘R_useDynamicSymbols’
It is good practice to register native routines and to disable symbol
search.
See ‘Writing portable packages’ in the ‘Writing R Extensions’ manual.
Flavors: r-devel-linux-x86_64-fedora-clang, r-devel-linux-x86_64-fedora-gcc