CRAN Package Check Results for Package PrevMap

Last updated on 2021-03-04 00:48:06 CET.

Flavor Version Tinstall Tcheck Ttotal Status Flags
r-devel-linux-x86_64-debian-clang 1.5.3 32.84 226.71 259.55 NOTE
r-devel-linux-x86_64-debian-gcc 1.5.3 27.89 169.53 197.42 NOTE
r-devel-linux-x86_64-fedora-clang 1.5.3 321.76 OK
r-devel-linux-x86_64-fedora-gcc 1.5.3 308.31 OK
r-devel-windows-ix86+x86_64 1.5.3 62.00 250.00 312.00 OK
r-patched-linux-x86_64 1.5.3 32.71 207.09 239.80 NOTE
r-patched-solaris-x86 1.5.3 390.00 NOTE
r-release-linux-x86_64 1.5.3 29.70 204.64 234.34 NOTE
r-release-macos-x86_64 1.5.3 NOTE
r-release-windows-ix86+x86_64 1.5.3 44.00 181.00 225.00 OK
r-oldrel-macos-x86_64 1.5.3 NOTE
r-oldrel-windows-ix86+x86_64 1.5.3 56.00 220.00 276.00 OK

Check Details

Version: 1.5.3
Check: package dependencies
Result: NOTE
    Package suggested but not available for checking: 'INLA'
Flavors: r-devel-linux-x86_64-debian-clang, r-devel-linux-x86_64-debian-gcc, r-patched-linux-x86_64, r-patched-solaris-x86, r-release-linux-x86_64, r-release-macos-x86_64, r-oldrel-macos-x86_64

Version: 1.5.3
Check: dependencies in R code
Result: NOTE
    No protocol specified
    No protocol specified
Flavor: r-oldrel-macos-x86_64