Last updated on 2021-03-04 00:48:07 CET.
Flavor | Version | Tinstall | Tcheck | Ttotal | Status | Flags |
---|---|---|---|---|---|---|
r-devel-linux-x86_64-debian-clang | 0.44.0 | 13.82 | 166.30 | 180.12 | OK | |
r-devel-linux-x86_64-debian-gcc | 0.44.0 | 10.24 | 129.42 | 139.66 | OK | |
r-devel-linux-x86_64-fedora-clang | 0.44.0 | 231.66 | OK | |||
r-devel-linux-x86_64-fedora-gcc | 0.44.0 | 214.22 | OK | |||
r-devel-windows-ix86+x86_64 | 0.44.0 | 23.00 | 395.00 | 418.00 | OK | |
r-patched-linux-x86_64 | 0.44.0 | 12.51 | 161.39 | 173.90 | OK | |
r-patched-solaris-x86 | 0.44.0 | 300.20 | OK | |||
r-release-linux-x86_64 | 0.44.0 | 13.68 | 162.73 | 176.41 | OK | |
r-release-macos-x86_64 | 0.44.0 | OK | ||||
r-release-windows-ix86+x86_64 | 0.44.0 | 24.00 | 344.00 | 368.00 | OK | |
r-oldrel-macos-x86_64 | 0.44.0 | NOTE | ||||
r-oldrel-windows-ix86+x86_64 | 0.44.0 | 21.00 | 356.00 | 377.00 | OK |
Version: 0.44.0
Check: dependencies in R code
Result: NOTE
No protocol specified
No protocol specified
Flavor: r-oldrel-macos-x86_64