CRAN Package Check Results for Package RClickhouse

Last updated on 2021-03-04 00:48:07 CET.

Flavor Version Tinstall Tcheck Ttotal Status Flags
r-devel-linux-x86_64-debian-clang 0.5.2 104.72 59.01 163.73 OK
r-devel-linux-x86_64-debian-gcc 0.5.2 76.14 44.00 120.14 OK
r-devel-linux-x86_64-fedora-clang 0.5.2 269.69 NOTE
r-devel-linux-x86_64-fedora-gcc 0.5.2 208.94 OK
r-devel-windows-ix86+x86_64 0.5.2 233.00 123.00 356.00 OK
r-patched-linux-x86_64 0.5.2 87.87 55.45 143.32 OK
r-patched-solaris-x86 0.5.2 197.10 OK
r-release-linux-x86_64 0.5.2 91.98 55.26 147.24 OK
r-release-macos-x86_64 0.5.2 NOTE
r-release-windows-ix86+x86_64 0.5.2 196.00 96.00 292.00 OK
r-oldrel-macos-x86_64 0.5.2 WARN
r-oldrel-windows-ix86+x86_64 0.5.2 242.00 107.00 349.00 OK

Check Details

Version: 0.5.2
Check: installed package size
Result: NOTE
     installed size is 13.8Mb
     sub-directories of 1Mb or more:
     libs 13.4Mb
Flavors: r-devel-linux-x86_64-fedora-clang, r-release-macos-x86_64, r-oldrel-macos-x86_64

Version: 0.5.2
Check: for executable files
Result: WARN
    Found the following executable file:
     src/vendor/clickhouse-cpp/contrib/lz4/LICENSE
    Source packages should not contain undeclared executable files.
    See section ‘Package structure’ in the ‘Writing R Extensions’ manual.
Flavor: r-oldrel-macos-x86_64