CRAN Package Check Results for Package RMariaDB

Last updated on 2021-03-04 00:48:08 CET.

Flavor Version Tinstall Tcheck Ttotal Status Flags
r-devel-linux-x86_64-debian-clang 1.1.0 127.35 43.60 170.95 OK
r-devel-linux-x86_64-debian-gcc 1.1.0 75.40 34.14 109.54 OK
r-devel-linux-x86_64-fedora-clang 1.1.0 249.58 OK
r-devel-linux-x86_64-fedora-gcc 1.1.0 198.01 OK
r-devel-windows-ix86+x86_64 1.1.0 519.00 189.00 708.00 NOTE
r-patched-linux-x86_64 1.1.0 86.40 41.99 128.39 OK
r-patched-solaris-x86 1.1.0 191.30 OK
r-release-linux-x86_64 1.1.0 93.61 41.84 135.45 OK
r-release-macos-x86_64 1.1.0 NOTE
r-release-windows-ix86+x86_64 1.1.0 394.00 166.00 560.00 NOTE
r-oldrel-macos-x86_64 1.1.0 NOTE
r-oldrel-windows-ix86+x86_64 1.1.0 489.00 186.00 675.00 NOTE

Check Details

Version: 1.1.0
Check: installed package size
Result: NOTE
     installed size is 8.7Mb
     sub-directories of 1Mb or more:
     libs 8.4Mb
Flavors: r-devel-windows-ix86+x86_64, r-release-macos-x86_64, r-release-windows-ix86+x86_64, r-oldrel-macos-x86_64, r-oldrel-windows-ix86+x86_64